{"id":158,"date":"2017-06-15T09:24:06","date_gmt":"2017-06-15T07:24:06","guid":{"rendered":"http:\/\/www.marjanviljelijat.fi\/?page_id=158"},"modified":"2024-03-28T19:12:30","modified_gmt":"2024-03-28T17:12:30","slug":"tyovoima","status":"publish","type":"page","link":"https:\/\/www.marjanviljelijat.fi\/?page_id=158","title":{"rendered":"Ty\u00f6voima"},"content":{"rendered":"<div class=\"members-access-error\">T\u00e4m\u00e4n sivun sis\u00e4lt\u00f6 on saatavilla vain yhdistyksen j\u00e4senille.<\/p>\n<p>K\u00e4ytt\u00e4j\u00e4tunnus on muotoa Etunimi Sukunimi<br \/>\nJos olet unohtanut salasanasi voit tilata uuden salasanan s\u00e4hk\u00f6postiisi.<\/p><\/div>\n","protected":false},"excerpt":{"rendered":"<div class=\"members-access-error\">T\u00e4m\u00e4n sivun sis\u00e4lt\u00f6 on saatavilla vain yhdistyksen j\u00e4senille.<\/p>\n<p>K\u00e4ytt\u00e4j\u00e4tunnus on muotoa Etunimi Sukunimi<br \/>\nJos olet unohtanut salasanasi voit tilata uuden salasanan s\u00e4hk\u00f6postiisi.<\/p><\/div>\n","protected":false},"author":1,"featured_media":0,"parent":134,"menu_order":2,"comment_status":"closed","ping_status":"closed","template":"","meta":{"footnotes":""},"class_list":["post-158","page","type-page","status-publish","hentry"],"_links":{"self":[{"href":"https:\/\/www.marjanviljelijat.fi\/index.php?rest_route=\/wp\/v2\/pages\/158","targetHints":{"allow":["GET"]}}],"collection":[{"href":"https:\/\/www.marjanviljelijat.fi\/index.php?rest_route=\/wp\/v2\/pages"}],"about":[{"href":"https:\/\/www.marjanviljelijat.fi\/index.php?rest_route=\/wp\/v2\/types\/page"}],"author":[{"embeddable":true,"href":"https:\/\/www.marjanviljelijat.fi\/index.php?rest_route=\/wp\/v2\/users\/1"}],"replies":[{"embeddable":true,"href":"https:\/\/www.marjanviljelijat.fi\/index.php?rest_route=%2Fwp%2Fv2%2Fcomments&post=158"}],"version-history":[{"count":82,"href":"https:\/\/www.marjanviljelijat.fi\/index.php?rest_route=\/wp\/v2\/pages\/158\/revisions"}],"predecessor-version":[{"id":2841,"href":"https:\/\/www.marjanviljelijat.fi\/index.php?rest_route=\/wp\/v2\/pages\/158\/revisions\/2841"}],"up":[{"embeddable":true,"href":"https:\/\/www.marjanviljelijat.fi\/index.php?rest_route=\/wp\/v2\/pages\/134"}],"wp:attachment":[{"href":"https:\/\/www.marjanviljelijat.fi\/index.php?rest_route=%2Fwp%2Fv2%2Fmedia&parent=158"}],"curies":[{"name":"wp","href":"https:\/\/api.w.org\/{rel}","templated":true}]}}