{"id":281,"date":"2017-07-24T13:44:34","date_gmt":"2017-07-24T11:44:34","guid":{"rendered":"http:\/\/www.marjanviljelijat.fi\/?page_id=281"},"modified":"2021-05-27T14:37:50","modified_gmt":"2021-05-27T12:37:50","slug":"te-toimisto","status":"publish","type":"page","link":"https:\/\/www.marjanviljelijat.fi\/?page_id=281","title":{"rendered":"Ty\u00f6ntekij\u00f6iden ilmoittaminen TE-toimistoon"},"content":{"rendered":"<div class=\"members-access-error\">T\u00e4m\u00e4n sivun sis\u00e4lt\u00f6 on saatavilla vain yhdistyksen j\u00e4senille.<\/p>\n<p>K\u00e4ytt\u00e4j\u00e4tunnus on muotoa Etunimi Sukunimi<br \/>\nJos olet unohtanut salasanasi voit tilata uuden salasanan s\u00e4hk\u00f6postiisi.<\/p><\/div>\n","protected":false},"excerpt":{"rendered":"<div class=\"members-access-error\">T\u00e4m\u00e4n sivun sis\u00e4lt\u00f6 on saatavilla vain yhdistyksen j\u00e4senille.<\/p>\n<p>K\u00e4ytt\u00e4j\u00e4tunnus on muotoa Etunimi Sukunimi<br \/>\nJos olet unohtanut salasanasi voit tilata uuden salasanan s\u00e4hk\u00f6postiisi.<\/p><\/div>\n","protected":false},"author":1,"featured_media":0,"parent":134,"menu_order":0,"comment_status":"closed","ping_status":"closed","template":"","meta":{"footnotes":""},"class_list":["post-281","page","type-page","status-publish","hentry"],"_links":{"self":[{"href":"https:\/\/www.marjanviljelijat.fi\/index.php?rest_route=\/wp\/v2\/pages\/281","targetHints":{"allow":["GET"]}}],"collection":[{"href":"https:\/\/www.marjanviljelijat.fi\/index.php?rest_route=\/wp\/v2\/pages"}],"about":[{"href":"https:\/\/www.marjanviljelijat.fi\/index.php?rest_route=\/wp\/v2\/types\/page"}],"author":[{"embeddable":true,"href":"https:\/\/www.marjanviljelijat.fi\/index.php?rest_route=\/wp\/v2\/users\/1"}],"replies":[{"embeddable":true,"href":"https:\/\/www.marjanviljelijat.fi\/index.php?rest_route=%2Fwp%2Fv2%2Fcomments&post=281"}],"version-history":[{"count":7,"href":"https:\/\/www.marjanviljelijat.fi\/index.php?rest_route=\/wp\/v2\/pages\/281\/revisions"}],"predecessor-version":[{"id":2667,"href":"https:\/\/www.marjanviljelijat.fi\/index.php?rest_route=\/wp\/v2\/pages\/281\/revisions\/2667"}],"up":[{"embeddable":true,"href":"https:\/\/www.marjanviljelijat.fi\/index.php?rest_route=\/wp\/v2\/pages\/134"}],"wp:attachment":[{"href":"https:\/\/www.marjanviljelijat.fi\/index.php?rest_route=%2Fwp%2Fv2%2Fmedia&parent=281"}],"curies":[{"name":"wp","href":"https:\/\/api.w.org\/{rel}","templated":true}]}}