{"id":82,"date":"2017-02-15T15:50:56","date_gmt":"2017-02-15T13:50:56","guid":{"rendered":"http:\/\/www.marjanviljelijat.fi\/?page_id=82"},"modified":"2023-07-17T12:28:28","modified_gmt":"2023-07-17T10:28:28","slug":"yhteystiedot","status":"publish","type":"page","link":"https:\/\/www.marjanviljelijat.fi\/?page_id=82","title":{"rendered":"Yhteystiedot"},"content":{"rendered":"<div class=\"entry-content\">\n<p><strong>Suonenjoen seudun marjanviljelij\u00e4in yhdistys ry<\/strong><br \/>\nJalkalantie 6 (Yrityspuisto Futuria, A-porras, 1. krs)<br \/>\n77600 SUONENJOKI<\/p>\n<p>Toiminnanjohtaja<br \/>\nRaisa Haavikko<br \/>\npuh. 040 164 6670<br \/>\ne-mail: raisa.haavikko(a)marjanviljelijat.fi<\/p>\n<p>Puheenjohtaja<br \/>\nKati-Maria Sn\u00e4kin<br \/>\npuh. 044 083 0929<br \/>\ne-mail: kati-maria.snakin(a)marjakatrilli.fi<\/p>\n<hr>\n<p>Yhdistys ei v\u00e4lit\u00e4 ty\u00f6voimaa suoraan tiloille. Jos olet kiinnostunut ty\u00f6skentelem\u00e4\u00e4n marjatilalla kausity\u00f6ss\u00e4 voit etsi\u00e4 ty\u00f6paikkoja osoitteissa:<\/p>\n<ul>\n<li><a href=\"https:\/\/www.t\u00f6it\u00e4suomesta.fi\/\/\">https:\/\/www.t\u00f6it\u00e4suomesta.fi\/\/<\/a><\/li>\n<li><a href=\"https:\/\/www.te-palvelut.fi\/te\/fi\/\">www.te-palvelut.fi<\/a><\/li>\n<\/ul>\n<p><a href=\"http:\/\/maallehommiin.fi\/maallehommiin\">Maalle hommiin<\/a> -sivustolta l\u00f6yd\u00e4t tietoa maaseudun ty\u00f6paikoista ja -teht\u00e4vist\u00e4. (Huom. Ty\u00f6voimaa tiloille hanke on p\u00e4\u00e4ttynyt).<\/p>\n<p>The organization \u201cSuonenjoen seudun marjanviljelij\u00e4yhdistys\u201d <strong>doesn\u2019t act as an agent for workers! Don&#8217;t send your application to us.<\/strong><\/p>\n<\/div>\n","protected":false},"excerpt":{"rendered":"<p>Suonenjoen seudun marjanviljelij\u00e4in yhdistys ry Jalkalantie 6 (Yrityspuisto Futuria, A-porras, 1. krs) 77600 SUONENJOKI Toiminnanjohtaja Raisa Haavikko puh. 040 164 6670 e-mail: raisa.haavikko(a)marjanviljelijat.fi Puheenjohtaja Kati-Maria Sn\u00e4kin puh. 044 083 0929 e-mail: kati-maria.snakin(a)marjakatrilli.fi Yhdistys ei v\u00e4lit\u00e4 ty\u00f6voimaa suoraan tiloille. Jos olet kiinnostunut ty\u00f6skentelem\u00e4\u00e4n marjatilalla kausity\u00f6ss\u00e4 voit etsi\u00e4 ty\u00f6paikkoja osoitteissa: https:\/\/www.t\u00f6it\u00e4suomesta.fi\/\/ www.te-palvelut.fi Maalle hommiin -sivustolta l\u00f6yd\u00e4t tietoa &hellip; <a href=\"https:\/\/www.marjanviljelijat.fi\/?page_id=82\" class=\"more-link\">Jatka artikkeliin <span class=\"screen-reader-text\">Yhteystiedot<\/span><\/a><\/p>\n","protected":false},"author":1,"featured_media":0,"parent":0,"menu_order":2,"comment_status":"closed","ping_status":"closed","template":"","meta":{"footnotes":""},"class_list":["post-82","page","type-page","status-publish","hentry"],"_links":{"self":[{"href":"https:\/\/www.marjanviljelijat.fi\/index.php?rest_route=\/wp\/v2\/pages\/82","targetHints":{"allow":["GET"]}}],"collection":[{"href":"https:\/\/www.marjanviljelijat.fi\/index.php?rest_route=\/wp\/v2\/pages"}],"about":[{"href":"https:\/\/www.marjanviljelijat.fi\/index.php?rest_route=\/wp\/v2\/types\/page"}],"author":[{"embeddable":true,"href":"https:\/\/www.marjanviljelijat.fi\/index.php?rest_route=\/wp\/v2\/users\/1"}],"replies":[{"embeddable":true,"href":"https:\/\/www.marjanviljelijat.fi\/index.php?rest_route=%2Fwp%2Fv2%2Fcomments&post=82"}],"version-history":[{"count":20,"href":"https:\/\/www.marjanviljelijat.fi\/index.php?rest_route=\/wp\/v2\/pages\/82\/revisions"}],"predecessor-version":[{"id":2800,"href":"https:\/\/www.marjanviljelijat.fi\/index.php?rest_route=\/wp\/v2\/pages\/82\/revisions\/2800"}],"wp:attachment":[{"href":"https:\/\/www.marjanviljelijat.fi\/index.php?rest_route=%2Fwp%2Fv2%2Fmedia&parent=82"}],"curies":[{"name":"wp","href":"https:\/\/api.w.org\/{rel}","templated":true}]}}